?
3
What is the hundreds digit of (6139 - -20) + -19 + -1 + -3?
1
Let t(w) = -3*w**3 + w**2 - w - 4. Let m be t(-2). Let r = -33 + m. Let f(k) = 5*k**2 + 5*k - 33. What is the tens digit of f(r)?
7
Let h(z) = z + 16. Let n be (-28)/3 + (-4)/6. Let y be h(n). Suppose -8*c + 320 = -y*c. What is the units digit of c?
0
Suppose -173507 = 3*j + 6*j - 621464. What is the hundreds digit of j?
7
Let n(b) = -5932*b - 2008. What is the tens digit of n(-2)?
5
Let y(w) be the second derivative of -w**5/20 + 5*w**4/12 - 2*w**3/3 - 8*w**2 - 72*w. What is the hundreds digit of y(-5)?
2
Suppose -4*k = -6*k - 8, g - 4*k = 5844. What is the tens digit of 12/18 + 0 + g/6?
7
Suppose -442160 = -67*i + 337653. What is the ten thousands digit of i?
1
What is the thousands digit of 6159 - ((-777)/1813 + ((-3)/(-7) - 2))?
6
Suppose -82177 = -20*u - 27377. What is the units digit of u?
0
Suppose -89*w + 1957608 = -30*w + 47*w. What is the units digit of w?
8
Suppose 5*d + 5*k + 1480 = 0, 0 = d - 4*k + 35 + 251. Let w = d + 444. What is the hundreds digit of w?
1
Let d(u) = -4*u - 5*u - 5*u + 28*u - 5*u - 172. What is the tens digit of d(28)?
8
Let h = 15 + -7. Suppose 1 = -3*z + 2*t - 18, h = 4*z + 4*t. What is the units digit of 9/(18/164) + z?
9
Let p = 78108 + -54196. What is the thousands digit of p?
3
Let l = 1963 - 856. Let y = -641 + l. What is the hundreds digit of y?
4
Let a = 1311 - 1216. What is the units digit of a?
5
Suppose -1146847 = -110*x + 30483. What is the units digit of x?
3
Let m be 379/(((-4)/(-36))/(-1)). Let v = -2209 - m. What is the units digit of v?
2
Let u(x) = x**3 - 44*x**2 - 231*x - 18. What is the hundreds digit of u(49)?
6
Suppose 25 = b - 4*d, 5*b - 155 = 4*d + d. Suppose -4*l = -7*l + b. Suppose -1164 = -l*o + 376. What is the hundreds digit of o?
1
Let c(t) = 2*t**2 - 3*t - 17. Let i be c(9). Suppose 20*x + i = 22*x. Suppose -m + x = -5. What is the units digit of m?
4
What is the units digit of -27 + (-2580)/(-90) + (-238958)/(-6)?
8
Let y = 57625 + -18496. What is the hundreds digit of y?
1
Let q be ((-48)/(-60))/(4/(-10)). Let o be 6/21 - q - (-10)/(-35). Suppose 0 = 4*v, -4*f + 188 + 184 = o*v. What is the tens digit of f?
9
Let c(i) = 26*i**2 + 10*i - 37. Let t be 7 + 51/(-3) + 4. What is the tens digit of c(t)?
3
Suppose -4 = -4*x + 292. Let k = 720 - x. What is the tens digit of k?
4
Suppose w - 9*w = -3488. Let h = 128 - w. Let i = h + 562. What is the units digit of i?
4
Let u = -3742 - -2205. Let y = 2354 + u. What is the units digit of y?
7
Let l(d) = 3*d**3 + 9*d**2 - 10*d + 4. Let u be l(5). Let k = u + -468. What is the tens digit of k?
8
Suppose -2*w - u = -0*u, 4*w - 4*u = 0. Suppose w = -16*i + 17*i - 5. Suppose r = -i*d + 8, 26 = r - 3*d - d. What is the tens digit of r?
1
Let g(m) = m**3 - 9*m**2 - 9*m - 6. Let z be g(10). Suppose 2*r = -4*b + 9*b + 489, -z*r = 2*b - 1014. Suppose 7*i - 413 = r. What is the tens digit of i?
9
Let n(b) = -b**3 - 2*b**2 - 2*b - 3. Let k be n(-3). Let p(y) = -28*y + 2 + k*y - 3. What is the tens digit of p(-2)?
3
Suppose -3*k + w + 17268 = 0, -264*k + 263*k = -3*w - 5756. What is the units digit of k?
6
Let u(y) = y**2 + 14*y + 97. What is the hundreds digit of u(60)?
5
Let g be ((-9)/(-3) + 1)*1/(-2). Let f be 1 + (16/(-24))/(g/117). Suppose -3*b - 2*m + f = 0, -m = b - 3*m - 8. What is the tens digit of b?
1
Let t = -1225 + 1717. Suppose 0 = 167*n - 170*n + t. What is the units digit of n?
4
Let y(o) = 255*o**3 + 3*o**2 - 5*o + 3. Suppose -2*b + 2*m - 4 = 0, -5*b = -2*b - m. What is the tens digit of y(b)?
5
Suppose 4*x - 5*q = 10 + 14, -5*x - 2*q - 3 = 0. Suppose -11 = -5*o - 2*h, -3*h = -5*o + 13 + 8. What is the units digit of (-2)/(x/((-87)/o))?
8
What is the tens digit of (1276/8 + -24)*(-6)/(0 - 1)?
1
Let j = 279 - 289. What is the tens digit of j/6 - -2 - 9716/(-21)?
6
Suppose 146453 - 25536 = 9*u - 25936. What is the units digit of u?
7
Let d(i) = -33*i - 69. Let f(b) = b**2 + 11*b - 106. Let s be f(-17). What is the units digit of d(s)?
3
Suppose -1166*r = -1158*r - 188936. What is the thousands digit of r?
3
Let v = -1456 + 2337. Let l = v - 505. What is the units digit of l?
6
Let m = -425 - -351. Let o = m + 544. What is the hundreds digit of o?
4
Let v = 84 + -78. Suppose 2*a - v*a = -r + 122, 2*a = -3*r + 436. Let l = r + -100. What is the units digit of l?
2
Let h = 9894 - 4456. What is the hundreds digit of h?
4
Let m(j) = 2*j**2 - 102. Let x be m(-31). Suppose 2*b - x = 5*g - 6*g, -4*b = -8. What is the tens digit of g?
1
Let r be 8/48*6*2. Suppose -3*w - 3*g + 2466 = 0, 3*w = -3*g - r*g + 2466. What is the tens digit of w?
2
Let r = 10603 + 6136. What is the thousands digit of r?
6
Let z(r) = -9*r - 19. Let y be z(-6). What is the hundreds digit of 2152/5 - (y/25 - 2)?
4
Let q be 9 + -11 - 1*-26. Let f = 24 - q. Suppose -7*h = -f*h - 490. What is the units digit of h?
0
Suppose 2*a = -4*k + 119420, -4*k - 4072 + 242908 = 4*a. What is the tens digit of a?
0
Let s = 8918 - 6012. What is the hundreds digit of s?
9
Let o be (-6)/(-3)*(-1)/2. What is the hundreds digit of (-24)/96 - (4754/(-8) + o)?
5
Let d(o) = o**3 - 15*o**2 - 8*o - 14. Let m be d(15). Let p = -91 - m. Suppose 5*k - p = 42. What is the units digit of k?
7
Let d(s) be the second derivative of -9*s**5/10 - s**4/12 - 7*s**3/3 - 37*s**2/2 - 5*s + 15. What is the units digit of d(-3)?
2
Let c(m) = m**2 + 10*m + 18. Let p be c(-8). Suppose 0 = -3*r, -5*r = -u + 2 + p. Suppose 231 = 2*q - u*h + 5*h, 3*q = 3*h + 351. What is the tens digit of q?
1
Suppose -g + 117 = 7*q - 3*q, -135 = -5*q + g. Suppose -3*o = 4*o + q. What is the tens digit of (-270)/(-10) + (o/2)/(-2)?
2
What is the thousands digit of (-22638)/(-2) + (-484 - -471)?
1
Suppose 28 = -52*j + 56*j, -3*d = -5*j - 56032. What is the tens digit of d?
8
Let l(v) = -84*v + 27. Let u be l(-10). Let n = -381 + u. What is the hundreds digit of n?
4
Suppose m - 33 = -736. Let g = m - -1675. What is the hundreds digit of g?
9
Suppose 212*n = 1679498 + 5926002. What is the thousands digit of n?
5
Suppose -14846 = -f - s - 6064, -8770 = -f + 2*s. Suppose 13*i - f = -9*i. What is the tens digit of i?
9
Suppose 1698648 = -1519*v + 1547*v. What is the hundreds digit of v?
6
Let v = 345 - 6. Suppose s = -3*x + v, 3*s - 440 = 3*x + 625. What is the tens digit of s?
5
Let h(m) = -124*m - 1742. What is the units digit of h(-82)?
6
Let z = -16880 - -17890. What is the units digit of z?
0
Suppose -21*c - 1300 = -8734. Let a = c - -967. What is the hundreds digit of a?
3
Suppose -4*v - q = -0*q - 676, -3*v - 4*q = -520. Suppose -3*x = -75 - v. Suppose 0 = -4*l + x + 323. What is the tens digit of l?
0
Suppose 5602 + 14528 = 5*i + 2*y, 5*y = 2*i - 8023. What is the hundreds digit of i?
0
Suppose -7*m + 16853 = -6*m + 2*s, 0 = 4*m - 4*s - 67424. What is the units digit of m?
5
Let k be (-11)/((-121)/3)*11. Let n(m) = 165*m + 10. What is the units digit of n(k)?
5
Suppose -5*v - 49*l + 26167 = -52*l, -12 = 3*l. What is the hundreds digit of v?
2
Let f be 8/3 - 20/30. Suppose 0 = -f*o - i - 396, 4*o + 271 + 529 = -4*i. Let q = -87 - o. What is the units digit of q?
9
Let x = 10756 - 2884. What is the hundreds digit of x?
8
Suppose -135 = 4*y - 0*y - 5*i, -4*y + 4*i - 136 = 0. What is the tens digit of (0 - 6) + 276 + y?
3
Let u = -679 - -656. What is the units digit of (((-64170)/(-20))/u)/(2/(-12))?
7
What is the thousands digit of (-3918)/(3/(-2) - 0/(100/(-10)))?
2
Suppose 5*t + x = 102728 + 103799, 3*x = 2*t - 82587. What is the units digit of t?
4
Let n(g) = -6*g**3 - g**2 + 4*g + 6. Let a be n(-1). Suppose -a*j + 2166 = -452. What is the units digit of j?
4
Suppose -r - 292 - 150 = 0. Let p = r + 778. What is the hundreds digit of p?
3
What is the ten thousands digit of (138 + -96)*(-42744)/(-21)?
8
Let u(k) = -2 - 4 - 9*k**2 - 1 + 4 + 3*k - 2*k**3. Let c be u(-7). Let l = 317 - c. What is the units digit of l?
6
Let b(j) = 7*j + 2. Let s be b(0). Suppose c = -s*i + 894, 0*c - c + 894 = 5*i. What is the units digit of c?
4
Let j = 1057 + 130. Suppose -721 = 6*g + j. What is the units digit of g/(-18) + (-2)/(-6)?
8
Suppose 3*m - 167 = 3*y - 38, m - 43 = 4*y. Suppose -5*c - 8 = -2*n - m, 3*n = -3*c. Let a(p) = 17*p - 15. What is the tens digit of a(c)?
7
Let l(f